10. Let k be g(7). Calculate the greatest common divisor of x and k.
2
Suppose 4*f - 6*f = 0. Suppose f*g - g + 10 = 0. What is the highest common divisor of 2 and g?
2
Let v(t) = -134*t**3 + 2*t**2 - 1. Let d be v(-1). Suppose 4*r - 66 = -q - q, 5*q = -3*r + 60. What is the greatest common divisor of d and r?
15
Suppose 4*g - 6 = 2. Let p = g + 8. Suppose -w = 3*w - 280. What is the greatest common factor of w and p?
10
Let x be ((-8)/4)/((-1)/8). Suppose -3*q + x = q. What is the greatest common factor of q and 24?
4
Suppose -3*j - 304 = -4*a - j, 5*a - 373 = -j. Suppose -16 = -c - 12. Suppose -2*b + 64 = c. Calculate the highest common divisor of a and b.
15
Let n = -3 - -45. Calculate the greatest common divisor of 6 and n.
6
Let f be (-2)/(-1) - (5 - 1). Let t be 1/f*-27*6. Suppose 0 = -2*r + 3*z + 27, -3*r - 21 = -5*r + z. What is the highest common divisor of r and t?
9
Let n be (-3 + (-9)/(-15))*(1 - 11). What is the greatest common factor of n and 3?
3
Suppose -3*k + 42 = -33. What is the highest common divisor of k and 5?
5
Suppose 11*y - 5*y - 150 = 0. What is the greatest common divisor of y and 50?
25
Let f(g) = -g + 7. Let v be f(0). Suppose -3*z - 2*z + 20 = 0. Let j = z + 17. Calculate the greatest common factor of j and v.
7
Suppose 3*r + 143 = 4*r. Suppose -3*d + 3 = 4*m - 46, 2*m - d - 27 = 0. Calculate the greatest common divisor of m and r.
13
Suppose i + 5*b + 3 = 1, -2*i + 3*b = 69. Let z = 51 + i. Calculate the highest common factor of 8 and z.
8
Suppose -5*h = -0*h - 280. What is the highest common factor of h and 8?
8
Suppose 5*c - 2*g = 2*g + 334, 2*g = c - 68. What is the greatest common factor of c and 6?
6
Let n(d) = -11*d + 92. Let i be n(0). Calculate the highest common divisor of 4 and i.
4
Let q be (-1 + (-15)/6)*8. Suppose -31 = -z + 36. Let s = z + q. What is the greatest common factor of s and 13?
13
Let n = -53 - -89. Let y be 5/(20/108) - 3. Calculate the greatest common divisor of y and n.
12
Suppose -25 = -2*k - 3*p, -3*k = k - 5*p - 105. What is the greatest common divisor of k and 4?
4
Let v(i) = 6*i - 2. Let u = 3 + 3. Let n be v(u). Calculate the highest common factor of 51 and n.
17
Let i(b) = b**2 + 8*b + 3. Let n be i(-10). Calculate the highest common divisor of 161 and n.
23
Suppose -2*y = -d + 7, 3*y - 6 + 3 = 0. Let z(w) = -w**3 + 10*w**2 + 4. Let x be z(8). Let c = -87 + x. What is the highest common divisor of d and c?
9
Suppose 0 = 3*a + 2*a - 180. What is the greatest common divisor of a and 54?
18
Suppose 738 = 4*t + 126. Suppose 4*o = o + 9. Suppose 15 = -o*w, 3*w - 10 - 26 = -3*s. Calculate the greatest common factor of t and s.
17
Let m = -22 + 66. Let f = -21 + 25. What is the greatest common factor of m and f?
4
Let g(y) = -16*y - 1. Let q be g(-1). Suppose q = -u - 3. Let n be ((-38)/(-3))/((-3)/u). Calculate the highest common factor of n and 19.
19
Suppose -4*j + 3*l = 2*l, 4*j = -2*l. Suppose -4*g + g + 48 = j. Suppose -177 + 33 = -o. What is the highest common divisor of o and g?
16
Let f(a) = -2*a**3 - 4*a**2 - 3*a - 9. Let k be f(-5). Calculate the highest common divisor of k and 117.
39
Suppose 3*f = 83 + 7. Calculate the highest common divisor of f and 15.
15
Suppose 0*x + 42 = 3*x. Calculate the greatest common factor of x and 2.
2
Suppose -d = -5*c + d + 53, 4*c + 4*d - 20 = 0. Let o be (-4)/(-18) - (-70)/c. Let t be ((-24)/9)/((-4)/18). Calculate the highest common divisor of o and t.
4
Let s(u) = u**2 - 6*u + 4. Suppose -i + 9 = -0*i + 2*v, 9 = i - 3*v. Let n be s(i). Let y = n - 22. Calculate the highest common divisor of y and 18.
9
Let p = -30 + 43. Let o = 195 + -130. What is the greatest common factor of o and p?
13
Suppose -2*m + 15 = m, 0 = -a - m + 5. Let j be (-3)/(-2)*(-16)/(-6). Let w be j - a*1/(-1). Calculate the greatest common divisor of 16 and w.
4
Suppose -1 - 8 = -3*c. What is the greatest common factor of 15 and c?
3
Suppose -2*l = -3*x - 20, 0*x - 4 = -3*l - 2*x. Suppose -z - z = l. Let i(q) = -5*q - 2. Let m be i(z). Calculate the highest common factor of 88 and m.
8
Suppose -2*v - 22 = 4*s, -3*v - v + s = 8. Let j = v + 31. Calculate the highest common divisor of j and 70.
14
Let h = -63 - -75. What is the greatest common factor of 30 and h?
6
Suppose -3*p - 3*w + 5*w = -147, 5*p = -w + 258. Suppose b = -3*f + 15, 5*b + 3*f - p = -0*f. What is the greatest common factor of b and 63?
9
Suppose 30 = 4*j - 6*j. Let q = 23 + j. What is the greatest common divisor of 20 and q?
4
Let j(k) = -2*k + 56. Let l be j(18). Calculate the greatest common divisor of l and 50.
10
Let o(d) = 8*d. Let j be o(5). Let b = 13 - 8. What is the highest common factor of j and b?
5
Let l(t) = -34*t**3 + t**2 + t + 1. Let g be l(-1). Let r = g + -23. What is the greatest common factor of 108 and r?
12
Let i(w) = w + 16. Let k be i(-11). Calculate the highest common factor of k and 45.
5
Suppose -5*t + 88 = -47. Calculate the greatest common divisor of 243 and t.
27
Let u be (2 - 10/6)*9. Suppose 4*t = u*t + 6. Let p be t*(-2 - 9/(-2)). Calculate the highest common divisor of 60 and p.
15
Let k be -6*(0 + (-6)/9). Suppose 0 = -u + 5*b + 4, -k*u - 4 = -5*u - 3*b. Let l be (1 + (7 - -2))*1. Calculate the greatest common factor of u and l.
2
Suppose 32 = -11*f + 1264. What is the highest common divisor of f and 14?
14
Let b(u) = u**2 + 9*u - 11. Let d be 44/6*6/(-4). Let t be b(d). What is the greatest common divisor of t and 44?
11
Suppose -15 + 25 = 2*m. Let t = 101 + -66. Calculate the greatest common factor of t and m.
5
Suppose 5*d = 2*d + 588. Let o = -31 - 33. Let t = d + o. Calculate the highest common divisor of 12 and t.
12
Let k be 1*(2/11 - (-525)/77). What is the greatest common divisor of 14 and k?
7
Let u = -12 + 0. Let z be (-99)/u*(-352)/(-12). Calculate the highest common factor of 22 and z.
22
Suppose 2*f - 30 + 6 = 0. Suppose -3*s + x + 80 = -2*s, 0 = s - 3*x - 72. What is the greatest common divisor of s and f?
12
Suppose 3*u = -4*h + 6*u + 66, 32 = 2*h - 2*u. Suppose 6*x - 60 = x. What is the highest common divisor of x and h?
6
Suppose 0 = 8*i - 70 - 58. Let c(w) = 7*w**3 - w**2 - 4*w - 3. Let u be c(-3). Let v = -109 - u. Calculate the greatest common divisor of v and i.
16
Let g(d) = -d**3 + 11*d**2 - 8*d + 12. Let x be g(10). Calculate the greatest common divisor of x and 48.
16
Suppose 2*o = -5*z + 32, -5*o = z - 27 - 7. Let r be ((-2)/o)/(2/(-6)). What is the greatest common divisor of r and 3?
1
Suppose -2*m = f + 4*f - 54, 26 = 2*f + 3*m. What is the greatest common divisor of 2 and f?
2
Let b(l) = l**3 + 11*l**2 - 12*l + 14. Let z be b(-12). Calculate the greatest common factor of 42 and z.
14
Suppose 29 = -2*u - 5*k + 379, 0 = -4*u - 4*k + 676. What is the highest common divisor of 15 and u?
15
Let q(m) be the second derivative of -m**3/6 - 4*m**2 + m. Let s be q(-7). Let w = 8 - s. What is the highest common divisor of 27 and w?
9
Let p be (-14)/(-7)*(-1)/2. Let v = 9 - p. Calculate the greatest common divisor of 40 and v.
10
Let p(d) = -19*d + 8. Let n be p(-3). Calculate the greatest common divisor of 26 and n.
13
Let q = 160 + -95. Let i be (-1)/4 - q/(-20). Suppose i*h = h + 4. What is the greatest common factor of 18 and h?
2
Suppose -4*s + 13 = -3*s. Let h = 50 + -37. What is the highest common factor of h and s?
13
Suppose 2*u = 5*s - 22, 2*u = 4*u + 2. Let c be s/12 - 23/(-3). What is the highest common factor of c and 72?
8
Let c = -31 - -95. Let w(k) = k**3 + 9*k**2 - 2*k - 4. Let f be w(-9). Let m = -6 + f. Calculate the highest common factor of m and c.
8
Suppose -4*j + 4 = 4*s, -2*j = -0*j - 5*s - 16. Suppose -5*n + 0 = 5*k - 90, -18 = -k + j*n. Calculate the greatest common divisor of 144 and k.
18
Suppose 3*b + 0*a - 106 = 4*a, -b - a + 40 = 0. What is the greatest common factor of b and 57?
19
Suppose 204 = -6*d + 12*d. Calculate the highest common factor of d and 85.
17
Let i(m) = 13*m**3 - 2*m**2 + 6*m**3 + 2*m**2. Let z be i(1). What is the greatest common factor of 76 and z?
19
Let g be -1 - -1 - 2*-25. Let y be 1/(-4) - 267/(-12). Let n = y - 2. Calculate the greatest common divisor of n and g.
10
Suppose 5*c - 460 = -5*i, 3*c - 124 = -2*i + 148. Calculate the highest common factor of 8 and c.
8
Let p be 174/21 + 2/(-7)